n 56 is divided by f?
8
Let q(r) = 2*r**2 - 4*r - 7. Calculate the remainder when q(7) is divided by 16.
15
Calculate the remainder when (-1892)/(-32) - 5/40 is divided by 30.
29
Let h(n) = 4*n - 4. Let v be h(3). Let d = v + 11. Calculate the remainder when d is divided by 5.
4
Suppose -5 = -3*o + 13. What is the remainder when 10/(-15)*(1*15)/(-1) is divided by o?
4
What is the remainder when 31 is divided by 11 - (-2)/4*2?
7
Let j = -5 + 5. Suppose 4*m - 248 + 96 = j. What is the remainder when m is divided by 10?
8
Suppose 2*f + 10 = s, 3*s - 3*f = -2*s + 78. Let o(h) = h**3 - 6*h**2 - 4*h + 4. Let k be o(6). Calculate the remainder when s is divided by ((-2)/2)/(2/k).
8
Suppose -3*p - w - 60 = 0, -16 - 16 = 2*p - 2*w. Calculate the remainder when (-8 - -9)/((-1)/p) is divided by 10.
9
Let w = -23 + 23. Suppose l - 6*f + f = 9, -5*l + 4*f + 150 = w. Calculate the remainder when 67 is divided by l.
33
Suppose 4*f = -b + f + 15, 4*f = 12. Let a = 14 - b. Calculate the remainder when 22 is divided by a.
6
Suppose 122 = 3*l - 49. What is the remainder when l is divided by 30?
27
Suppose -21 = -3*z + 2*x, -2*z - 5*x + 42 = z. Suppose -l + 68 = l. What is the remainder when l is divided by z?
7
Let j(g) = -g**2 - 4*g + 10. Let f(y) = 10*y - 2. What is the remainder when f(5) is divided by j(0)?
8
Let u(k) = -6*k - 7. Suppose -22 = 3*o - 2*r, o + 16 = -0*o + 5*r. Calculate the remainder when u(o) is divided by 10.
9
Let m = -85 - -156. What is the remainder when m is divided by 24?
23
Suppose 11 = 3*r - 1. Calculate the remainder when 14 is divided by r.
2
Let r(w) = -27*w - 3. Let h(t) = -27*t - 4. Let x be 5 + -3 + (1 - -1). Let u(v) = x*r(v) - 3*h(v). What is the remainder when u(-1) is divided by 7?
6
Let u(m) = -m**2 - 9*m - 11. What is the remainder when u(-5) is divided by 6?
3
Let c = 50 - 45. Calculate the remainder when 21 is divided by c.
1
Suppose 3*q + 4*w + 76 - 213 = 0, q - 3*w - 24 = 0. Calculate the remainder when q is divided by 16.
7
Suppose -2*l + 5*p + 0 + 16 = 0, -l = -3*p - 7. Calculate the remainder when 36 is divided by l.
10
Let f(y) = -y**3 - y**2 + y + 18. Suppose -3*d + 7*d + 3*z - 37 = 0, z = -d + 9. What is the remainder when f(0) is divided by d?
8
Calculate the remainder when 10 is divided by ((-9)/(-12))/((-4)/(-32)).
4
Suppose -5*c = -5*x - 145, 0*x = -3*c - 4*x + 52. Suppose -2*a - a - c = 0. Let b = 14 + a. Calculate the remainder when 10 is divided by b.
4
Let j be (-1 - -3)*(-2 + 3). Suppose n = j*n - 9. What is the remainder when n is divided by 5?
4
Let q = -4 - -18. What is the remainder when 26 - ((1 - 3) + 1) is divided by q?
13
Calculate the remainder when -10 - -13 - 33/(-1) is divided by 13.
10
Suppose -6*c + 225 = -c. Suppose -2*h + 7*h - c = 2*p, 0 = -4*p. Calculate the remainder when (-3)/(-2)*228/h is divided by 13.
12
Suppose 0 = o + 6*o - 329. What is the remainder when o is divided by 24?
23
Suppose 2*v + 3*t = 27, -v + 5*t = 4*v - 5. Suppose v*q - 80 = q. Let z = -6 + q. What is the remainder when 37 is divided by z?
7
Let r = -54 + 75. Calculate the remainder when r is divided by 14.
7
Let d(z) = -2*z - 2. Let v(n) = -2*n - 3. Let b(j) = 4*d(j) - 3*v(j). Calculate the remainder when 7 is divided by b(-2).
2
Let t = -3 - -9. Let b be 4/t + (-21)/(-9). Suppose b*s - 8*s = 3*x, -3*s = 9. Calculate the remainder when 18 is divided by x.
3
Suppose 0 = -6*h - h + 182. Let b = -15 + 22. Calculate the remainder when h is divided by b.
5
Let v(m) be the first derivative of m**2/2 + 2. Let p be v(-1). Calculate the remainder when 2 is divided by 2 + -2 - (p - 0).
0
Suppose -8 - 1 = -n. Suppose 0 = -12*v + 8*v + 136. Calculate the remainder when v is divided by n.
7
Let v = -2 + -4. Let l(t) = t**2 + 7*t + 10. What is the remainder when l(v) is divided by 3?
1
Suppose -3*l + 132 = l. What is the remainder when l is divided by 18?
15
Let r(o) = -3*o - 3. Let l be r(-4). Let j(q) = 3*q - 13. Calculate the remainder when 55 is divided by j(l).
13
Suppose -5*r = -r + u - 52, -r - 3*u = -24. What is the remainder when 18 is divided by 14/4 - r/(-8)?
3
Suppose -106 = -c - 2*j, -2*c + 228 = -4*j - 0*j. Let x = c - 266. Calculate the remainder when (-2)/(-3) + x/(-9) is divided by 5.
3
Suppose -12*d = -15*d + 18. Calculate the remainder when 39 is divided by d.
3
Let g = 55 + 21. What is the remainder when g is divided by 8?
4
Let x = -10 + 20. Calculate the remainder when 48 is divided by x.
8
Let q(t) = -t**3 - 4*t**2 + 5*t. Let x(u) = -u**3 - 7*u**2 + 5*u - 2. What is the remainder when q(-6) is divided by x(-8)?
20
Let b = 17 - 14. Suppose -2*h = 3*h - 20. Calculate the remainder when h is divided by b.
1
Let n = 36 + -27. Calculate the remainder when n is divided by 2.
1
Suppose j + 3*j = 28. Calculate the remainder when 20 is divided by j.
6
Let a(q) = q**3 - 6*q**2 + 2*q - 9. Calculate the remainder when a(6) is divided by 3 - 0 - (0 - 0).
0
Let r be ((-18)/(-24))/(2/16). Let q = -3 + r. Let l = q - 2. Calculate the remainder when 1 is divided by l.
0
Suppose -5*w + 270 = 5*s, 9*w - 5*w + 78 = 2*s. Suppose -2*i - 21 = -x, 0 = 2*i + 4 + 4. What is the remainder when s is divided by x?
10
Suppose 0 = 2*v - 4*x - 58, 3*v - 4*v + 35 = 4*x. Calculate the remainder when v is divided by 11.
9
Let t(c) = -5*c - 10. What is the remainder when 39 is divided by t(-4)?
9
Let i be (-3)/(-6) - 89/(-2). Suppose i = -3*o + 8*o. Suppose 3*a = 34 + 44. Calculate the remainder when a is divided by o.
8
Let y = 2 + -4. Let h be ((-3)/6)/(1/(-12)). Calculate the remainder when 34 is divided by y/(17/h - 3).
10
Let a(y) be the third derivative of y**5/20 + y**4/4 - 2*y**3/3 - y**2. Calculate the remainder when a(-5) is divided by 11.
8
Calculate the remainder when 23 is divided by (-143)/(-33) - (-2)/3.
3
Let o(y) = y**2 - 3*y - 2. Calculate the remainder when o(6) is divided by 9.
7
Let v(j) = -j**3 - 3*j**2 + 6*j - 4. What is the remainder when 47 is divided by v(-5)?
15
Suppose -4*x = -5*d + 45, -2*x + 1 = 3*d - 4. Suppose -d*y - 6 = -2*y. Let r = y + 5. Calculate the remainder when 8 is divided by r.
2
Calculate the remainder when 85 is divided by (8 + 248/(-20))*(-10)/4.
8
Let x = 30 - 8. Calculate the remainder when 87 is divided by x.
21
Suppose 2*i = 83 - 303. Let z = -63 - i. Suppose 0*y - 21 = -3*y + 3*o, 3*y + 2*o - 46 = 0. What is the remainder when z is divided by y?
11
Suppose -q + 50 = 4*m - 3*q, 4*m - 80 = -4*q. Calculate the remainder when ((-58)/(-3))/(4/6) is divided by m.
14
Let m be (0 - 1)*(5 + -4). Calculate the remainder when (17 + m)*2/4 is divided by 3.
2
Let w(v) = v**3 - 8*v**2 + 6*v - 6. Let b be -3 - -1 - (-11 + 1). Let h = -20 - -35. Calculate the remainder when w(b) is divided by h.
12
Let r = -115 + 197. What is the remainder when r is divided by 28?
26
Let n(v) = v**3 - 4*v**2 + 5. Let w be n(4). Let l(a) = 44 - 42 + 3*a**2 - 2*a**2. Calculate the remainder when 79 is divided by l(w).
25
What is the remainder when (58 - -1) + (3 - 8/4) is divided by 21?
18
Let a be -1*((-6)/(-2) + 1). Let b(p) = p**3 + 6*p**2 + 4*p + 1. What is the remainder when b(a) is divided by 9?
8
Suppose 13*w - 10*w - 66 = 0. Calculate the remainder when 63 is divided by w.
19
Suppose -33*g + 32*g = -44. What is the remainder when 172 is divided by g?
40
Let o = -2 - -8. What is the remainder when 12 is divided by o?
0
Let l = 15 + -7. Calculate the remainder when 24 - -1 - (0 - 0) is divided by (-159)/(-12) + (-2)/l.
12
Suppose 4*n + 3*w - 73 = 0, 0 = -3*n - 0*w + 5*w + 62. What is the remainder when 53 is divided by n?
15
Let k = -28 - -41. Let q be (6/(-5))/(6/(-20)). Suppose -q*b + 11 + 17 = 0. Calculate the remainder when k is divided by b.
6
Suppose 14 = 4*q - 6. Suppose 10*f - 35 = q*f. Calculate the remainder when 19 is divided by f.
5
Let t(s) = 2*s**2 + 12*s - 9. Calculate the remainder when t(-9) is divided by 12.
9
Let t(q) = -3*q - 2. Let i be (-5)/(-10) - (-18)/(-4). What is the remainder when 37 is divided by t(i)?
7
Calculate the remainder when 3*(9 - (-2 - 2)) is divided by 10.
9
Suppose 4*k + 16 = -16. Let b be (-2)/(-4) - 147/6. Let h = k - b. What is the remainder when h is divided by 6?
4
Let y be 1/(-4*(-4)/304). Suppose m + y = 2*m. Calculate the remainder when 74 is divided by m.
17
Let u(